{"id":65,"date":"2020-05-26T08:11:00","date_gmt":"2020-05-26T11:11:00","guid":{"rendered":"http:\/\/mazzolasolucoes.com.br\/blog\/?page_id=65"},"modified":"2026-01-26T19:08:09","modified_gmt":"2026-01-26T22:08:09","slug":"ebook","status":"publish","type":"page","link":"https:\/\/mazzolasolucoes.com.br\/blog\/ebook\/","title":{"rendered":"Ebook"},"content":{"rendered":"\n<div class=\"wp-block-group is-layout-flow wp-block-group-is-layout-flow\">\n<div class=\"wp-block-columns is-layout-flex wp-container-core-columns-is-layout-28f84493 wp-block-columns-is-layout-flex\">\n<div class=\"wp-block-column is-layout-flow wp-block-column-is-layout-flow\">\n<figure class=\"wp-block-image size-large is-resized\"><img loading=\"lazy\" decoding=\"async\" width=\"840\" height=\"822\" src=\"https:\/\/mazzolasolucoes.com.br\/blog\/wp-content\/uploads\/2021\/02\/capa2.png\" alt=\"\" class=\"wp-image-627\" style=\"width:264px;height:261px\" srcset=\"https:\/\/mazzolasolucoes.com.br\/blog\/wp-content\/uploads\/2021\/02\/capa2.png 840w, https:\/\/mazzolasolucoes.com.br\/blog\/wp-content\/uploads\/2021\/02\/capa2-300x294.png 300w, https:\/\/mazzolasolucoes.com.br\/blog\/wp-content\/uploads\/2021\/02\/capa2-768x752.png 768w, https:\/\/mazzolasolucoes.com.br\/blog\/wp-content\/uploads\/2021\/02\/capa2-60x60.png 60w\" sizes=\"auto, (max-width: 840px) 100vw, 840px\" \/><\/figure>\n\n\n\n<p><strong>O pre\u00e7o do amadorismo na gest\u00e3o das MPEs<\/strong><\/p>\n\n\n\n<p><strong>Mar\u00e7o\/2021<br>Contas em Revista<\/strong><\/p>\n\n\n\n<div class=\"wp-block-buttons is-layout-flex wp-block-buttons-is-layout-flex\">\n<div class=\"wp-block-button is-style-fill\"><a class=\"wp-block-button__link has-very-light-gray-color has-text-color has-background wp-element-button\" href=\"https:\/\/www.yumpu.com\/xx\/document\/read\/65266702\/o-preco-do-amadorismo-na-gestao-das-mpes\" style=\"border-radius:6px;background-color:#1e73be\" target=\"_blank\" rel=\"noreferrer noopener\">Clique aqui para baixar<\/a><\/div>\n<\/div>\n<\/div>\n\n\n\n<div class=\"wp-block-column is-layout-flow wp-block-column-is-layout-flow\">\n<figure class=\"wp-block-image size-large is-resized\"><img loading=\"lazy\" decoding=\"async\" width=\"840\" height=\"816\" src=\"https:\/\/mazzolasolucoes.com.br\/blog\/wp-content\/uploads\/2021\/01\/capa2.png\" alt=\"\" class=\"wp-image-613\" style=\"width:280px;height:272px\" srcset=\"https:\/\/mazzolasolucoes.com.br\/blog\/wp-content\/uploads\/2021\/01\/capa2.png 840w, https:\/\/mazzolasolucoes.com.br\/blog\/wp-content\/uploads\/2021\/01\/capa2-300x291.png 300w, https:\/\/mazzolasolucoes.com.br\/blog\/wp-content\/uploads\/2021\/01\/capa2-768x746.png 768w\" sizes=\"auto, (max-width: 840px) 100vw, 840px\" \/><\/figure>\n\n\n\n<p><strong>O legado da Covid-19 para as empresas<\/strong><\/p>\n\n\n\n<p><strong>Dezembro\/2020<br>Contas em Revista<\/strong><\/p>\n\n\n\n<div class=\"wp-block-buttons is-layout-flex wp-block-buttons-is-layout-flex\">\n<div class=\"wp-block-button is-style-fill\"><a class=\"wp-block-button__link has-very-light-gray-color has-text-color has-background wp-element-button\" href=\"https:\/\/www.yumpu.com\/pt\/document\/read\/65257124\/o-legado-do-covid-19-para-as-empresas\" style=\"border-radius:6px;background-color:#1e73be\" target=\"_blank\" rel=\"noreferrer noopener\">Clique aqui para baixar<\/a><\/div>\n<\/div>\n<\/div>\n<\/div>\n<\/div>\n\n\n<div  class=\"grids-section grids-is-stretch\" style=\"--_gs-gap-desktop:0px 0px;--_gs-m-desktop:0 0 0 0;--_gs-p-desktop:0 0 0 0;--_gs-bg-desktop:transparent none;--_gs-bg-xp-desktop:0px;--_gs-zi-desktop:auto;--_gs-d-desktop:block;--_gs-mw-desktop:calc(100% - 0 - 0);--_gs-gap-tablet:0px 0px;--_gs-m-tablet:0 0 0 0;--_gs-p-tablet:0 0 0 0;--_gs-bg-tablet:transparent none;--_gs-bg-xp-tablet:0px;--_gs-zi-tablet:auto;--_gs-d-tablet:block;--_gs-mw-tablet:calc(100% - 0 - 0);--_gs-gap-mobile:0px 0px;--_gs-m-mobile:0 0 0 0;--_gs-p-mobile:0 0 0 0;--_gs-bg-mobile:transparent none;--_gs-bg-xp-mobile:0px;--_gs-zi-mobile:auto;--_gs-d-mobile:block;--_gs-mw-mobile:calc(100% - 0 - 0);--_gs-columns:2;--_gs-rows:1\"><div class=\"grids-s-w_i\">\n<div class=\"grids-area\" style=\"--_ga-column:1\/2;--_ga-row:1\/2;--_ga-m-desktop:0 0 0 0;--_ga-p-desktop:0 0 0 0;--_ga-bg-desktop:transparent none;--_ga-zi-desktop:auto;--_ga-d-desktop:flex;--_ga-mw-desktop:calc(100% - 0 - 0);--_ga-m-tablet:0 0 0 0;--_ga-p-tablet:0 0 0 0;--_ga-bg-tablet:transparent none;--_ga-zi-tablet:auto;--_ga-d-tablet:flex;--_ga-mw-tablet:calc(100% - 0 - 0);--_ga-m-mobile:0 0 0 0;--_ga-p-mobile:0 0 0 0;--_ga-bg-mobile:transparent none;--_ga-zi-mobile:auto;--_ga-d-mobile:flex;--_ga-mw-mobile:calc(100% - 0 - 0)\">\n\n<figure class=\"wp-block-image size-large\"><img loading=\"lazy\" decoding=\"async\" width=\"1024\" height=\"1024\" src=\"http:\/\/mazzolasolucoes.com.br\/blog\/wp-content\/uploads\/2020\/07\/processed-1024x1024.jpeg\" alt=\"\" class=\"wp-image-296\" srcset=\"https:\/\/mazzolasolucoes.com.br\/blog\/wp-content\/uploads\/2020\/07\/processed-1024x1024.jpeg 1024w, https:\/\/mazzolasolucoes.com.br\/blog\/wp-content\/uploads\/2020\/07\/processed-300x300.jpeg 300w, https:\/\/mazzolasolucoes.com.br\/blog\/wp-content\/uploads\/2020\/07\/processed-150x150.jpeg 150w, https:\/\/mazzolasolucoes.com.br\/blog\/wp-content\/uploads\/2020\/07\/processed-768x768.jpeg 768w, https:\/\/mazzolasolucoes.com.br\/blog\/wp-content\/uploads\/2020\/07\/processed-60x60.jpeg 60w, https:\/\/mazzolasolucoes.com.br\/blog\/wp-content\/uploads\/2020\/07\/processed.jpeg 1280w\" sizes=\"auto, (max-width: 1024px) 100vw, 1024px\" \/><\/figure>\n\n\n\n<p><strong>Triade da Magia<br>Autor: Rodolfo Mazzola<\/strong><br><\/p>\n\n\n\n<div class=\"wp-block-buttons is-layout-flex wp-block-buttons-is-layout-flex\">\n<div class=\"wp-block-button is-style-fill\"><a class=\"wp-block-button__link has-very-light-gray-color has-text-color has-background wp-element-button\" href=\"https:\/\/www.triadedamagia.com\/ebook\" style=\"border-radius:6px;background-color:#1e73be\" target=\"_blank\" rel=\"noreferrer noopener\">Clique aqui para baixar<\/a><\/div>\n<\/div>\n\n\n<div  class=\"grids-section grids-is-stretch\" style=\"--_gs-gap-desktop:0px 0px;--_gs-m-desktop:0 0 0 0;--_gs-p-desktop:0 0 0 0;--_gs-bg-desktop:transparent none;--_gs-bg-xp-desktop:0px;--_gs-zi-desktop:auto;--_gs-d-desktop:block;--_gs-mw-desktop:calc(100% - 0 - 0);--_gs-gap-tablet:0px 0px;--_gs-m-tablet:0 0 0 0;--_gs-p-tablet:0 0 0 0;--_gs-bg-tablet:transparent none;--_gs-bg-xp-tablet:0px;--_gs-zi-tablet:auto;--_gs-d-tablet:block;--_gs-mw-tablet:calc(100% - 0 - 0);--_gs-gap-mobile:0px 0px;--_gs-m-mobile:0 0 0 0;--_gs-p-mobile:0 0 0 0;--_gs-bg-mobile:transparent none;--_gs-bg-xp-mobile:0px;--_gs-zi-mobile:auto;--_gs-d-mobile:block;--_gs-mw-mobile:calc(100% - 0 - 0);--_gs-columns:2;--_gs-rows:1\"><div class=\"grids-s-w_i\">\n<div class=\"grids-area\" style=\"--_ga-column:1\/2;--_ga-row:1\/2;--_ga-m-desktop:0 0 0 0;--_ga-p-desktop:0 0 0 0;--_ga-bg-desktop:transparent none;--_ga-zi-desktop:auto;--_ga-d-desktop:flex;--_ga-mw-desktop:calc(100% - 0 - 0);--_ga-m-tablet:0 0 0 0;--_ga-p-tablet:0 0 0 0;--_ga-bg-tablet:transparent none;--_ga-zi-tablet:auto;--_ga-d-tablet:flex;--_ga-mw-tablet:calc(100% - 0 - 0);--_ga-m-mobile:0 0 0 0;--_ga-p-mobile:0 0 0 0;--_ga-bg-mobile:transparent none;--_ga-zi-mobile:auto;--_ga-d-mobile:flex;--_ga-mw-mobile:calc(100% - 0 - 0)\">\n\n\n\n<\/div>\n\n<div class=\"grids-area\" style=\"--_ga-column:2\/3;--_ga-row:1\/2;--_ga-m-desktop:0 0 0 0;--_ga-p-desktop:0 0 0 0;--_ga-bg-desktop:transparent none;--_ga-zi-desktop:auto;--_ga-d-desktop:flex;--_ga-mw-desktop:calc(100% - 0 - 0);--_ga-m-tablet:0 0 0 0;--_ga-p-tablet:0 0 0 0;--_ga-bg-tablet:transparent none;--_ga-zi-tablet:auto;--_ga-d-tablet:flex;--_ga-mw-tablet:calc(100% - 0 - 0);--_ga-m-mobile:0 0 0 0;--_ga-p-mobile:0 0 0 0;--_ga-bg-mobile:transparent none;--_ga-zi-mobile:auto;--_ga-d-mobile:flex;--_ga-mw-mobile:calc(100% - 0 - 0)\"><\/div>\n<\/div><\/div>\n<\/div>\n\n<div class=\"grids-area\" style=\"--_ga-column:2\/3;--_ga-row:1\/2;--_ga-m-desktop:0 0 0 0;--_ga-p-desktop:0 0 0 0;--_ga-bg-desktop:transparent none;--_ga-zi-desktop:auto;--_ga-d-desktop:flex;--_ga-mw-desktop:calc(100% - 0 - 0);--_ga-m-tablet:0 0 0 0;--_ga-p-tablet:0 0 0 0;--_ga-bg-tablet:transparent none;--_ga-zi-tablet:auto;--_ga-d-tablet:flex;--_ga-mw-tablet:calc(100% - 0 - 0);--_ga-m-mobile:0 0 0 0;--_ga-p-mobile:0 0 0 0;--_ga-bg-mobile:transparent none;--_ga-zi-mobile:auto;--_ga-d-mobile:flex;--_ga-mw-mobile:calc(100% - 0 - 0)\">\n\n<figure class=\"wp-block-gallery has-nested-images columns-default is-cropped wp-block-gallery-1 is-layout-flex wp-block-gallery-is-layout-flex\">\n<figure class=\"wp-block-image size-large\"><img loading=\"lazy\" decoding=\"async\" width=\"925\" height=\"925\" data-id=\"433\" src=\"https:\/\/mazzolasolucoes.com.br\/blog\/wp-content\/uploads\/2020\/08\/dfesweq-1.png\" alt=\"\" class=\"wp-image-433\" srcset=\"https:\/\/mazzolasolucoes.com.br\/blog\/wp-content\/uploads\/2020\/08\/dfesweq-1.png 925w, https:\/\/mazzolasolucoes.com.br\/blog\/wp-content\/uploads\/2020\/08\/dfesweq-1-300x300.png 300w, https:\/\/mazzolasolucoes.com.br\/blog\/wp-content\/uploads\/2020\/08\/dfesweq-1-150x150.png 150w, https:\/\/mazzolasolucoes.com.br\/blog\/wp-content\/uploads\/2020\/08\/dfesweq-1-768x768.png 768w, https:\/\/mazzolasolucoes.com.br\/blog\/wp-content\/uploads\/2020\/08\/dfesweq-1-60x60.png 60w\" sizes=\"auto, (max-width: 925px) 100vw, 925px\" \/><\/figure>\n<\/figure>\n\n\n\n<p><strong>Criando o novo caminho ao caminhar <\/strong><\/p>\n\n\n\n<p><strong>Julho\/2020<br>Contas em Revista<\/strong><\/p>\n\n\n\n<div class=\"wp-block-group is-layout-flow wp-block-group-is-layout-flow\">\n<div class=\"wp-block-buttons is-layout-flex wp-block-buttons-is-layout-flex\">\n<div class=\"wp-block-button is-style-fill btn-block\"><a class=\"wp-block-button__link has-white-color has-text-color has-background wp-element-button\" href=\"https:\/\/www.yumpu.com\/pt\/document\/read\/63855404\/revista-em-contas-criando-o-novo-caminho-ao-caminhar\" style=\"border-radius:6px;background-color:#1e73be\">Clique aqui para ler<\/a><\/div>\n<\/div>\n<\/div>\n\n\n\n\n\n<\/div>\n<\/div><\/div>\n\n<div  class=\"grids-section grids-is-stretch\" style=\"--_gs-gap-desktop:0px 0px;--_gs-m-desktop:0 0 0 0;--_gs-p-desktop:0 0 0 0;--_gs-bg-desktop:transparent none;--_gs-bg-xp-desktop:0px;--_gs-zi-desktop:auto;--_gs-d-desktop:block;--_gs-mw-desktop:calc(100% - 0 - 0);--_gs-gap-tablet:0px 0px;--_gs-m-tablet:0 0 0 0;--_gs-p-tablet:0 0 0 0;--_gs-bg-tablet:transparent none;--_gs-bg-xp-tablet:0px;--_gs-zi-tablet:auto;--_gs-d-tablet:block;--_gs-mw-tablet:calc(100% - 0 - 0);--_gs-gap-mobile:0px 0px;--_gs-m-mobile:0 0 0 0;--_gs-p-mobile:0 0 0 0;--_gs-bg-mobile:transparent none;--_gs-bg-xp-mobile:0px;--_gs-zi-mobile:auto;--_gs-d-mobile:block;--_gs-mw-mobile:calc(100% - 0 - 0);--_gs-columns:2;--_gs-rows:1\"><div class=\"grids-s-w_i\">\n<div class=\"grids-area\" style=\"--_ga-column:1\/2;--_ga-row:1\/2;--_ga-m-desktop:0 0 0 0;--_ga-p-desktop:0 0 0 0;--_ga-bg-desktop:transparent none;--_ga-zi-desktop:auto;--_ga-d-desktop:flex;--_ga-mw-desktop:calc(100% - 0 - 0);--_ga-m-tablet:0 0 0 0;--_ga-p-tablet:0 0 0 0;--_ga-bg-tablet:transparent none;--_ga-zi-tablet:auto;--_ga-d-tablet:flex;--_ga-mw-tablet:calc(100% - 0 - 0);--_ga-m-mobile:0 0 0 0;--_ga-p-mobile:0 0 0 0;--_ga-bg-mobile:transparent none;--_ga-zi-mobile:auto;--_ga-d-mobile:flex;--_ga-mw-mobile:calc(100% - 0 - 0)\">\n\n<figure class=\"wp-block-image aligncenter size-large is-resized is-style-default\"><img loading=\"lazy\" decoding=\"async\" width=\"682\" height=\"875\" src=\"https:\/\/mazzolasolucoes.com.br\/blog\/wp-content\/uploads\/2020\/09\/capa.png\" alt=\"\" class=\"wp-image-498\" style=\"width:199px;height:234px\" srcset=\"https:\/\/mazzolasolucoes.com.br\/blog\/wp-content\/uploads\/2020\/09\/capa.png 682w, https:\/\/mazzolasolucoes.com.br\/blog\/wp-content\/uploads\/2020\/09\/capa-234x300.png 234w\" sizes=\"auto, (max-width: 682px) 100vw, 682px\" \/><\/figure>\n\n\n\n<p><strong>Contador torna-se aliado imprescind\u00edvel<\/strong><\/p>\n\n\n\n<p><strong>Setembro\/2020<br>Contas em Revista<\/strong><\/p>\n\n\n\n<div class=\"wp-block-buttons is-layout-flex wp-block-buttons-is-layout-flex\">\n<div class=\"wp-block-button\"><a class=\"wp-block-button__link has-white-color has-text-color has-background wp-element-button\" href=\"https:\/\/www.yumpu.com\/xx\/document\/read\/64405009\/contador-torna-se-aliado-imprescindivel\" style=\"border-radius:6px;background-color:#1e73be\" target=\"_blank\" rel=\"noreferrer noopener\">Clique aqui para ler<\/a><\/div>\n<\/div>\n\n<\/div>\n\n<div class=\"grids-area\" style=\"--_ga-column:2\/3;--_ga-row:1\/2;--_ga-m-desktop:0 0 0 0;--_ga-p-desktop:0 0 0 0;--_ga-bg-desktop:transparent none;--_ga-zi-desktop:auto;--_ga-d-desktop:flex;--_ga-mw-desktop:calc(100% - 0 - 0);--_ga-m-tablet:0 0 0 0;--_ga-p-tablet:0 0 0 0;--_ga-bg-tablet:transparent none;--_ga-zi-tablet:auto;--_ga-d-tablet:flex;--_ga-mw-tablet:calc(100% - 0 - 0);--_ga-m-mobile:0 0 0 0;--_ga-p-mobile:0 0 0 0;--_ga-bg-mobile:transparent none;--_ga-zi-mobile:auto;--_ga-d-mobile:flex;--_ga-mw-mobile:calc(100% - 0 - 0)\"><\/div>\n<\/div><\/div>","protected":false},"excerpt":{"rendered":"<p>O pre\u00e7o do amadorismo na gest\u00e3o das MPEs Mar\u00e7o\/2021Contas em Revista O legado da Covid-19 para as empresas Dezembro\/2020Contas em Revista<\/p>\n","protected":false},"author":1,"featured_media":0,"parent":0,"menu_order":0,"comment_status":"closed","ping_status":"closed","template":"","meta":{"footnotes":""},"class_list":["post-65","page","type-page","status-publish","hentry"],"blocksy_meta":[],"rttpg_featured_image_url":null,"rttpg_author":{"display_name":"mazzolasolucoes","author_link":"https:\/\/mazzolasolucoes.com.br\/blog\/author\/mazzolasolucoes\/"},"rttpg_comment":0,"rttpg_category":null,"rttpg_excerpt":"O pre\u00e7o do amadorismo na gest\u00e3o das MPEs Mar\u00e7o\/2021Contas em Revista O legado da Covid-19 para as empresas Dezembro\/2020Contas em Revista","_links":{"self":[{"href":"https:\/\/mazzolasolucoes.com.br\/blog\/wp-json\/wp\/v2\/pages\/65","targetHints":{"allow":["GET"]}}],"collection":[{"href":"https:\/\/mazzolasolucoes.com.br\/blog\/wp-json\/wp\/v2\/pages"}],"about":[{"href":"https:\/\/mazzolasolucoes.com.br\/blog\/wp-json\/wp\/v2\/types\/page"}],"author":[{"embeddable":true,"href":"https:\/\/mazzolasolucoes.com.br\/blog\/wp-json\/wp\/v2\/users\/1"}],"replies":[{"embeddable":true,"href":"https:\/\/mazzolasolucoes.com.br\/blog\/wp-json\/wp\/v2\/comments?post=65"}],"version-history":[{"count":22,"href":"https:\/\/mazzolasolucoes.com.br\/blog\/wp-json\/wp\/v2\/pages\/65\/revisions"}],"predecessor-version":[{"id":1666,"href":"https:\/\/mazzolasolucoes.com.br\/blog\/wp-json\/wp\/v2\/pages\/65\/revisions\/1666"}],"wp:attachment":[{"href":"https:\/\/mazzolasolucoes.com.br\/blog\/wp-json\/wp\/v2\/media?parent=65"}],"curies":[{"name":"wp","href":"https:\/\/api.w.org\/{rel}","templated":true}]}}